{"id":8506,"date":"2018-12-02T20:26:24","date_gmt":"2018-12-02T19:26:24","guid":{"rendered":"http:\/\/lovedogs.fr\/?page_id=8506"},"modified":"2018-12-02T20:26:24","modified_gmt":"2018-12-02T19:26:24","slug":"nos-formules-pour-les-etablissements-specialises","status":"publish","type":"page","link":"https:\/\/lovedogs.fr\/index.php\/nos-formules-pour-les-etablissements-specialises\/","title":{"rendered":"Nos formules pour les \u00e9tablissements sp\u00e9cialis\u00e9s"},"content":{"rendered":"<h2><strong><u>Notre accompagnement pour les \u00e9tablissements<\/u><\/strong><\/h2>\n<ul>\n<li><strong><em><u>La mise en place des ateliers de m\u00e9diation<\/u><\/em><\/strong><\/li>\n<\/ul>\n<p>Dans un premier temps, une rencontre avec la direction sera faite afin de valider la mise en place du projet de m\u00e9diation canine au sein de leur \u00e9tablissement. Une visite des lieux sera n\u00e9cessaire pour une prise de rep\u00e8re\u00a0; mais \u00e9galement pour d\u00e9signer une salle de travail ad\u00e9quate (salle spacieuse d\u2019environ 20-40 m2, bien \u00e9clair\u00e9e).<\/p>\n<p>Une r\u00e9union avec le personnel m\u00e9dical et param\u00e9dical, et les familles et\/ou les repr\u00e9sentants l\u00e9gaux, peut \u00eatre envisag\u00e9e, dans le but de renseigner sur la zooth\u00e9rapie, ses bienfaits et de sa place au sein de l\u2019\u00e9tablissement ainsi que la pr\u00e9sentation du protocole d\u2019hygi\u00e8ne.<\/p>\n<p>Il sera \u00e9tabli une convention qui stipulera tous les d\u00e9tails comme le tarif, la fr\u00e9quence et la dur\u00e9e des s\u00e9ances, etc.<\/p>\n<ul>\n<li><strong><em><u>Des s\u00e9ances 100% adapt\u00e9es<\/u><\/em><\/strong><\/li>\n<\/ul>\n<p>Le temps d\u2019une s\u00e9ance sera d\u00e9termin\u00e9 en fonction de la capacit\u00e9 d\u2019\u00e9coute et de concentration des b\u00e9n\u00e9ficiaires (soit environ 30 minutes).<\/p>\n<p>Il sera propos\u00e9 des ateliers ludiques, \u00e9ducatifs, mais \u00e9galement des ateliers \u00e9motionnels, sensoriels, et moteur, toujours en ad\u00e9quation avec les objectifs d\u00e9termin\u00e9s en fonction du projet personnalis\u00e9 des personnes.<\/p>\n<p>Il y aura deux cat\u00e9gories de s\u00e9ances, en groupe de deux ou trois personnes maximum ou en alternance de prise en charge individuelle avec un programme de m\u00e9diation canine adapt\u00e9 \u00e0 chacun par le biais d\u2019activit\u00e9s sp\u00e9cifiques avec un chien \u00e9duqu\u00e9 \u00e0 cet effet.<\/p>\n<p>Les trois premi\u00e8res sessions, seront des s\u00e9ances d\u2019observations, destin\u00e9es \u00e0 d\u00e9finir les objectifs pour les b\u00e9n\u00e9ficiaires.<\/p>\n<p>Apr\u00e8s chaque s\u00e9ance, un compte rendu sera effectu\u00e9 avec une personne r\u00e9f\u00e9rente de l\u2019\u00e9tablissement, afin de noter les observations concernant le comportement de chaque patient.<\/p>\n<ul>\n<li><strong><em><u>Les bilans d\u2019\u00e9volution<\/u><\/em><\/strong><\/li>\n<\/ul>\n<p>Le bilan d\u2019\u00e9volution permet d\u2019\u00e9valuer les progr\u00e8s des personnes et d\u2019effectuer r\u00e9guli\u00e8rement des r\u00e9unions avec les familles ou les repr\u00e9sentants l\u00e9gaux, et les professionnels de l\u2019\u00e9tablissement, afin de faire des comptes rendus des progr\u00e8s des patients et de revoir les objectifs de travail. Ces temps de r\u00e9union seront \u00e9tablis avec les professionnels mais cela peut \u00eatre envisag\u00e9 tous les trimestres.<\/p>\n","protected":false},"excerpt":{"rendered":"<p>Notre accompagnement pour les \u00e9tablissements La mise en place des ateliers de m\u00e9diation Dans un premier temps, une rencontre avec la direction sera faite afin de valider la mise en place du projet de m\u00e9diation canine au sein de leur &hellip; <\/p>\n","protected":false},"author":1,"featured_media":0,"parent":0,"menu_order":0,"comment_status":"closed","ping_status":"closed","template":"","meta":{"_bbp_topic_count":0,"_bbp_reply_count":0,"_bbp_total_topic_count":0,"_bbp_total_reply_count":0,"_bbp_voice_count":0,"_bbp_anonymous_reply_count":0,"_bbp_topic_count_hidden":0,"_bbp_reply_count_hidden":0,"_bbp_forum_subforum_count":0,"pmpro_default_level":0,"footnotes":""},"_links":{"self":[{"href":"https:\/\/lovedogs.fr\/index.php\/wp-json\/wp\/v2\/pages\/8506"}],"collection":[{"href":"https:\/\/lovedogs.fr\/index.php\/wp-json\/wp\/v2\/pages"}],"about":[{"href":"https:\/\/lovedogs.fr\/index.php\/wp-json\/wp\/v2\/types\/page"}],"author":[{"embeddable":true,"href":"https:\/\/lovedogs.fr\/index.php\/wp-json\/wp\/v2\/users\/1"}],"replies":[{"embeddable":true,"href":"https:\/\/lovedogs.fr\/index.php\/wp-json\/wp\/v2\/comments?post=8506"}],"version-history":[{"count":1,"href":"https:\/\/lovedogs.fr\/index.php\/wp-json\/wp\/v2\/pages\/8506\/revisions"}],"predecessor-version":[{"id":8507,"href":"https:\/\/lovedogs.fr\/index.php\/wp-json\/wp\/v2\/pages\/8506\/revisions\/8507"}],"wp:attachment":[{"href":"https:\/\/lovedogs.fr\/index.php\/wp-json\/wp\/v2\/media?parent=8506"}],"curies":[{"name":"wp","href":"https:\/\/api.w.org\/{rel}","templated":true}]}}