{"id":8491,"date":"2018-12-02T20:11:08","date_gmt":"2018-12-02T19:11:08","guid":{"rendered":"http:\/\/lovedogs.fr\/?page_id=8491"},"modified":"2018-12-02T20:11:08","modified_gmt":"2018-12-02T19:11:08","slug":"les-bienfaits-de-la-zootherapie","status":"publish","type":"page","link":"https:\/\/lovedogs.fr\/index.php\/les-bienfaits-de-la-zootherapie\/","title":{"rendered":"Les bienfaits de la zooth\u00e9rapie"},"content":{"rendered":"<p>Les bienfaits de la zooth\u00e9rapie sont vastes et diff\u00e9rents selon la pathologie et les attentes du b\u00e9n\u00e9ficiaire.<\/p>\n<h3><u>Des bienfaits \u00e9motionnels<\/u><\/h3>\n<p>Des chercheurs ont d\u00e9couvert que les personnes qui avaient des interactions positives avec des animaux pr\u00e9sentaient des niveaux accrus d\u2019hormones du bien-\u00eatre (Dopamine et S\u00e9rotonine). Ces substances permettent d\u2019\u00e9quilibrer l\u2019humeur, de combattre la d\u00e9pression, de r\u00e9duire l\u2019anxi\u00e9t\u00e9 et de rester calme dans des situations stressantes. La personne peut donc\u00a0:<\/p>\n<ul>\n<li>Se sentir valoris\u00e9e<\/li>\n<li>Prendre du plaisir<\/li>\n<li>Exprimer ses \u00e9motions<\/li>\n<li>Se sentir responsable<\/li>\n<li>Prendre confiance<\/li>\n<li>G\u00e9rer ses \u00e9motions<\/li>\n<\/ul>\n<h3><strong><u>Des bienfaits sociaux<\/u><\/strong><\/h3>\n<p>Caresser un animal peut \u00eatre r\u00e9confortant et calmant. Les animaux ne jugent pas et ils peuvent permettre\u00a0:<\/p>\n<ul>\n<li>D\u2019\u00e9tablir une relation<\/li>\n<li>De favoriser l\u2019interaction avec d\u2019autres personnes<\/li>\n<li>De rompre avec la solitude<\/li>\n<li>Une communication<\/li>\n<\/ul>\n<h3><u>Des bienfaits physiques<\/u><\/h3>\n<p>Des \u00e9tudes ont d\u00e9montr\u00e9 que le contact avec des animaux r\u00e9duisait la tension et le rythme cardiaque. D\u2019autres am\u00e9liorations physiques peuvent \u00eatre constat\u00e9es pour :<\/p>\n<ul>\n<li>L\u2019\u00e9quilibre<\/li>\n<li>La marche<\/li>\n<li>Du sch\u00e9ma corporel<\/li>\n<li>La pr\u00e9hension globale et fine<\/li>\n<li>La coordination bi-manuelle<\/li>\n<li>L\u2019amplitude articulaire, la force et l\u2019endurance<\/li>\n<li><u>Des bienfaits cognitifs<\/u><\/li>\n<\/ul>\n<p>L\u2019acquisition d\u2019habilet\u00e9s cognitives contribue au d\u00e9veloppement de la confiance en soi, l\u2019estime de soi et de l\u2019identit\u00e9. L\u2019animal va donc aider la personne \u00e0 am\u00e9liorer\u00a0:<\/p>\n<ul>\n<li>L\u2019attention<\/li>\n<li>La m\u00e9moire<\/li>\n<li>Les fonctions ex\u00e9cutives (organisation, flexibilit\u00e9 mentale, autocritique, jugement ou \u00e9laboration de strat\u00e9gie)<\/li>\n<li>Les praxies (imitation, utilisation \u00e0 bon escient d\u2019un objet) et les phasies (s\u2019exprimer, comprendre)<\/li>\n<\/ul>\n","protected":false},"excerpt":{"rendered":"<p>Les bienfaits de la zooth\u00e9rapie sont vastes et diff\u00e9rents selon la pathologie et les attentes du b\u00e9n\u00e9ficiaire. Des bienfaits \u00e9motionnels Des chercheurs ont d\u00e9couvert que les personnes qui avaient des interactions positives avec des animaux pr\u00e9sentaient des niveaux accrus d\u2019hormones &hellip; <\/p>\n","protected":false},"author":1,"featured_media":0,"parent":0,"menu_order":0,"comment_status":"closed","ping_status":"closed","template":"","meta":{"_bbp_topic_count":0,"_bbp_reply_count":0,"_bbp_total_topic_count":0,"_bbp_total_reply_count":0,"_bbp_voice_count":0,"_bbp_anonymous_reply_count":0,"_bbp_topic_count_hidden":0,"_bbp_reply_count_hidden":0,"_bbp_forum_subforum_count":0,"pmpro_default_level":0,"footnotes":""},"_links":{"self":[{"href":"https:\/\/lovedogs.fr\/index.php\/wp-json\/wp\/v2\/pages\/8491"}],"collection":[{"href":"https:\/\/lovedogs.fr\/index.php\/wp-json\/wp\/v2\/pages"}],"about":[{"href":"https:\/\/lovedogs.fr\/index.php\/wp-json\/wp\/v2\/types\/page"}],"author":[{"embeddable":true,"href":"https:\/\/lovedogs.fr\/index.php\/wp-json\/wp\/v2\/users\/1"}],"replies":[{"embeddable":true,"href":"https:\/\/lovedogs.fr\/index.php\/wp-json\/wp\/v2\/comments?post=8491"}],"version-history":[{"count":1,"href":"https:\/\/lovedogs.fr\/index.php\/wp-json\/wp\/v2\/pages\/8491\/revisions"}],"predecessor-version":[{"id":8492,"href":"https:\/\/lovedogs.fr\/index.php\/wp-json\/wp\/v2\/pages\/8491\/revisions\/8492"}],"wp:attachment":[{"href":"https:\/\/lovedogs.fr\/index.php\/wp-json\/wp\/v2\/media?parent=8491"}],"curies":[{"name":"wp","href":"https:\/\/api.w.org\/{rel}","templated":true}]}}