{"id":8331,"date":"2018-10-07T21:42:59","date_gmt":"2018-10-07T19:42:59","guid":{"rendered":"http:\/\/lovedogs.fr\/?page_id=8331"},"modified":"2018-12-02T19:56:57","modified_gmt":"2018-12-02T18:56:57","slug":"atelier-relationnel","status":"publish","type":"page","link":"https:\/\/lovedogs.fr\/index.php\/atelier-relationnel\/","title":{"rendered":"Atelier Relationnel"},"content":{"rendered":"<p>[vc_row][vc_column][vc_column_text]<strong>A travers les ateliers relationnels, le chien va favoriser la personne \u00e0 s\u2019ouvrir et \u00e0 entrer en interaction avec le monde qui nous entoure.<\/strong><\/p>\n<h2><u>La motivation<\/u><\/h2>\n<p>Il s\u2019agit de l\u2019ensemble des \u00e9l\u00e9ments qui poussent une personne dans son action, vers un objectif. Deux types de motivation se distinguent\u00a0:<\/p>\n<ul>\n<li>Motivation intrins\u00e8que\u00a0: elle entre en jeu lors d\u2019une activit\u00e9 r\u00e9alis\u00e9e uniquement pour le plaisir et la satisfaction de l\u2019individu.<\/li>\n<li>Motivation extrins\u00e8que\u00a0: l\u2019individu n\u2019agit pas pour son plaisir mais pour les r\u00e9compenses qui peuvent d\u00e9couler de son action.<\/li>\n<\/ul>\n<p>En m\u00e9diation canine, le chien est une source de motivation pour les patients de par sa simple pr\u00e9sence mais aussi, car il donne de l\u2019int\u00e9r\u00eat et du sens \u00e0 une activit\u00e9 par une approche inhabituelle. Il suscite envie et curiosit\u00e9. Si la plupart du temps, il stimule la motivation intrins\u00e8que, le chien peut \u00e9galement entra\u00eener une motivation extrins\u00e8que par l\u2019envie de lui faire plaisir, de lui apporter un bien \u00eatre, d\u2019autant plus qu\u2019un lien affectif se cr\u00e9e entre le patient et l\u2019animal.<\/p>\n<h2><u>L\u2019attention et la concentration<\/u><\/h2>\n<p>Le chien est tout d\u2019abord une diversion pour capter l\u2019attention des personnes et les faire r\u00e9agir au monde ext\u00e9rieur. Il permet de diminuer l\u2019agitation et l\u2019anxi\u00e9t\u00e9. L\u2019absence de jugement est encore une fois un point cl\u00e9. Les b\u00e9n\u00e9ficiaires se sentent en confiance et observent les actes de l\u2019animal sans appr\u00e9hension. Le chien m\u00e9diateur permet de renouer un contact, un lien, sur lequel peut rebondir l\u2019intervenant en \u00e9laborant alors des activit\u00e9s avec l\u2019animal, une fois l\u2019attention capt\u00e9e.<\/p>\n<p>Concernant la concentration, le fait d\u2019effectuer une t\u00e2che avec ou pour l\u2019animal entra\u00eene une source de motivation et induit ainsi une augmentation de la concentration. Le b\u00e9n\u00e9fice acquis ne l\u2019est pas que pour la personne elle-m\u00eame, mais pour l\u2019animal avec lequel des liens affectifs se sont cr\u00e9\u00e9s. Par cons\u00e9quent, il lui est plus facile de rester attentive \u00e0 l\u2019instant pr\u00e9sent et de se centrer sur l\u2019exercice afin, d\u2019une part, d\u2019\u00eatre r\u00e9compens\u00e9e par la satisfaction du chien, ses c\u00e2lins, sa joie\u2026 et d\u2019autre part, d\u2019apporter un bienfait \u00e0 l\u2019animal qui lui apporte soutien et affection. Il s\u2019agit d\u2019un v\u00e9ritable bin\u00f4me au sein duquel l\u2019intervenant en m\u00e9diation animale, apporte support et mati\u00e8re en fonction des objectifs recherch\u00e9s.<\/p>\n<h2><u>L\u2019estime de soi<\/u><\/h2>\n<p>L\u2019estime de soi est un \u00e9tat int\u00e9rieur qui consiste \u00e0 bien conna\u00eetre ses qualit\u00e9s et ses limites, \u00e0 s\u2019accepter tel qu\u2019on est, \u00e0 reconna\u00eetre sa valeur et ainsi avoir confiance en soi. Elle procure notamment un sentiment d\u2019utilit\u00e9. Elle peut \u00e9voluer au cours du temps, en fonction de notre environnement, de nos r\u00e9ussites et de nos \u00e9checs, de l\u2019image que l\u2019on renvoie, aussi bien aux autres qu\u2019\u00e0 soi, etc. L\u2019estime de soi est donc un ph\u00e9nom\u00e8ne profond, dont la construction est complexe et propre \u00e0 chacun.<\/p>\n<p>Plusieurs axes de travail peuvent \u00eatre envisag\u00e9s en m\u00e9diation animale afin de rehausser l\u2019estime de soi\u00a0: confier une t\u00e2che concernant le chien (lui donner de l\u2019eau par exemple), effectuer des exercices avec le chien (parcours d\u2019agility, jeux, etc.), mise en confiance par l\u2019animal pour r\u00e9aliser une activit\u00e9 (assurance \u00e0 la marche, coordination de mouvements, etc.). Il est important de construire des ateliers accessibles, de valoriser les r\u00e9ussites et de ne jamais terminer une s\u00e9ance par un \u00e9chec. Ces diff\u00e9rents \u00e9l\u00e9ments permettent \u00e0 la fois un sentiment d\u2019utilit\u00e9, de responsabilit\u00e9, de r\u00e9ussite et de confiance, indispensables \u00e0 la construction d\u2019une meilleure estime de soi. Ils permettent \u00e9galement l\u2019ouverture sur le monde ext\u00e9rieur et les relations positives qui y si\u00e8gent.<\/p>\n<table width=\"604\">\n<tbody>\n<tr>\n<td width=\"245\"><strong>Objectifs relationnels\u00a0<\/strong><\/td>\n<td width=\"359\"><strong>Exemples d\u2019exercices propos\u00e9s<\/strong><\/td>\n<\/tr>\n<tr>\n<td width=\"245\"><strong>Motivation<\/strong><\/td>\n<td width=\"359\">&#8211;\u00a0\u00a0\u00a0\u00a0\u00a0\u00a0\u00a0 Jeu de ballon<br \/>\n&#8211;\u00a0\u00a0\u00a0\u00a0\u00a0\u00a0\u00a0 Caresses<\/td>\n<\/tr>\n<tr>\n<td width=\"245\"><strong>Attention et concentration<\/strong><\/td>\n<td width=\"359\">&#8211;\u00a0\u00a0\u00a0\u00a0\u00a0\u00a0\u00a0 Puzzle<br \/>\n&#8211;\u00a0\u00a0\u00a0\u00a0\u00a0\u00a0\u00a0 Jeu \u00ab\u00a0Il est o\u00f9 Nolo\u00a0?\u00a0\u00bb<\/td>\n<\/tr>\n<tr>\n<td width=\"245\"><strong>Estime de soi<\/strong><\/td>\n<td width=\"359\">&#8211;\u00a0\u00a0\u00a0\u00a0\u00a0\u00a0\u00a0 Donner \u00e0 boire au chien<br \/>\n&#8211;\u00a0\u00a0\u00a0\u00a0\u00a0\u00a0\u00a0 Parcours d\u2019agility<\/td>\n<\/tr>\n<\/tbody>\n<\/table>\n<p>[\/vc_column_text][\/vc_column][\/vc_row][vc_row][vc_column][vc_gallery type=&#8221;image_grid&#8221; images=&#8221;8475,8476,8479&#8243; img_size=&#8221;medium&#8221; onclick=&#8221;&#8221; css_animation=&#8221;bounceInUp&#8221;][\/vc_column][\/vc_row]<\/p>\n","protected":false},"excerpt":{"rendered":"<p>[vc_row][vc_column][vc_column_text]A travers les ateliers relationnels, le chien va favoriser la personne \u00e0 s\u2019ouvrir et \u00e0 entrer en interaction avec le monde qui nous entoure. La motivation Il s\u2019agit de l\u2019ensemble des \u00e9l\u00e9ments qui poussent une personne dans son action, vers &hellip; <\/p>\n","protected":false},"author":1,"featured_media":0,"parent":0,"menu_order":0,"comment_status":"closed","ping_status":"closed","template":"","meta":{"_bbp_topic_count":0,"_bbp_reply_count":0,"_bbp_total_topic_count":0,"_bbp_total_reply_count":0,"_bbp_voice_count":0,"_bbp_anonymous_reply_count":0,"_bbp_topic_count_hidden":0,"_bbp_reply_count_hidden":0,"_bbp_forum_subforum_count":0,"pmpro_default_level":0,"footnotes":""},"_links":{"self":[{"href":"https:\/\/lovedogs.fr\/index.php\/wp-json\/wp\/v2\/pages\/8331"}],"collection":[{"href":"https:\/\/lovedogs.fr\/index.php\/wp-json\/wp\/v2\/pages"}],"about":[{"href":"https:\/\/lovedogs.fr\/index.php\/wp-json\/wp\/v2\/types\/page"}],"author":[{"embeddable":true,"href":"https:\/\/lovedogs.fr\/index.php\/wp-json\/wp\/v2\/users\/1"}],"replies":[{"embeddable":true,"href":"https:\/\/lovedogs.fr\/index.php\/wp-json\/wp\/v2\/comments?post=8331"}],"version-history":[{"count":10,"href":"https:\/\/lovedogs.fr\/index.php\/wp-json\/wp\/v2\/pages\/8331\/revisions"}],"predecessor-version":[{"id":8481,"href":"https:\/\/lovedogs.fr\/index.php\/wp-json\/wp\/v2\/pages\/8331\/revisions\/8481"}],"wp:attachment":[{"href":"https:\/\/lovedogs.fr\/index.php\/wp-json\/wp\/v2\/media?parent=8331"}],"curies":[{"name":"wp","href":"https:\/\/api.w.org\/{rel}","templated":true}]}}